t - 2033. Suppose 850 = 2*n + t. What is the highest common factor of n and 42?
42
Let o(l) = -10*l - 3. Let t be o(-2). Let f(w) = w**3 - 27*w**2 + 175*w + 169. Let j be f(16). Calculate the highest common factor of j and t.
17
Let f = 2331 - 1715. What is the greatest common divisor of 112 and f?
56
Let a = 393 - 189. Let z(p) = -4*p + 124. Let j be z(28). What is the highest common factor of a and j?
12
Let o(u) be the first derivative of -25 - 2/3*u**3 - 15/2*u**2 + 10*u. Let h be o(-8). Calculate the greatest common divisor of h and 18.
2
Let u(f) = f - 8. Let p(l) = -l. Let x(b) = 6*p(b) + u(b). Let g be x(-3). Let v be 1 + g/4*(12 - 8). What is the highest common factor of 12 and v?
4
Let q(p) = 19*p**2 + 72*p. Let b be q(-4). Suppose -2*x = -0*x - 544. What is the greatest common factor of b and x?
16
Let r(j) = -37*j**3 - 5*j**2 - j + 6. Let i be r(-2). Suppose 3*s - i - 178 = 0. Suppose 3*o + o - 88 = 0. What is the highest common divisor of s and o?
22
Let p = 33 - 6. Suppose p*c - 1056 = 16*c. Let l = -17 - -33. Calculate the greatest common divisor of l and c.
16
Let s be (-1)/27*6 - 286/9. Let u = s - -42. Calculate the highest common divisor of u and 50.
10
Let v = -693 - -1629. Suppose -3*m + 23*m = -5*m + 1950. Calculate the highest common divisor of m and v.
78
Let q(d) = d**3 - 17*d**2 + d + 572. Let r be q(0). Calculate the greatest common divisor of 14729 and r.
143
Let z = 10233 + -9133. What is the highest common divisor of 176 and z?
44
Suppose 28*d - 1346 = -608 + 774. Calculate the highest common divisor of d and 3429.
27
Suppose 12240 = 466*g - 460*g. Calculate the highest common divisor of 5 and g.
5
Let c = -9854 - -10239. What is the greatest common divisor of 2464 and c?
77
Let h be (-3 + 3)*(-1 - -2). Suppose 78*f - 98*f + 300 = h. Calculate the highest common factor of f and 105.
15
Suppose -6*a + 94 + 446 = 0. Let c = -8 - -80. Calculate the highest common divisor of c and a.
18
Let j = 177 + -174. Let y(m) = 3*m - 6. Let r be y(j). What is the greatest common factor of 57 and r?
3
Suppose 134*f - 122*f = 540. Let m be (-1296)/f*75/(-6). Calculate the greatest common factor of m and 20.
20
Let o be (26 + -21)*(-154)/(-35). Let p = -24 - -376. What is the greatest common divisor of p and o?
22
Suppose 62*d - 2342 + 1774 - 2594 = 0. Calculate the greatest common divisor of d and 3.
3
Suppose -181*t = -135*t - 105248. What is the highest common divisor of t and 1040?
208
Let h(g) = -31*g**3 - g**2 + 3*g + 2. Let r be h(-2). Let f = 213755 + -213740. What is the greatest common divisor of f and r?
15
Let b = 3232 + -3097. What is the greatest common divisor of 1065 and b?
15
Let i(n) = -2*n - 34. Let p(b) = -b - 1. Let r(t) = -i(t) + 5*p(t). Suppose 2*z = -5*z + 63. Let h be r(z). What is the greatest common divisor of h and 5?
1
Let i be 12/30*10/1. Let g be 560 - (0/i - -2). Calculate the greatest common divisor of g and 62.
62
Suppose -50*k - 239*k + 10640 = 15*k. Calculate the highest common factor of 6755 and k.
35
Suppose 3*j - 2217 = -3*l, 4*l - 14*j + 17*j - 2957 = 0. Let v = l - 640. What is the greatest common divisor of v and 4?
4
Let m be -1*1 - (-5)/(-5). Let g = m - -6. Let w = -1572 + 1608. Calculate the greatest common divisor of w and g.
4
Suppose -o - 2584 = -5*k, -4*k + 1157 = 2*o - 899. Calculate the greatest common factor of k and 6.
6
Suppose 0 = -8*n + 5*i + 291, 741*n - 53 = 740*n + 3*i. Let a(h) = 28*h**2 + h + 1. Let d be a(-1). Calculate the highest common divisor of d and n.
4
Suppose -295*h + 4031 = -5704. Calculate the greatest common factor of h and 5302.
11
Let a(n) = -n**2 + 3*n - 10. Let w be a(5). Let m = 20 + w. Suppose m = 3*h + 1 - 10. Calculate the greatest common factor of h and 24.
3
Let i = -78 + -21. Let p be (-4)/36*3*i. Suppose -2*r - 21 = -u + p, 4*u = -4*r + 228. Calculate the greatest common factor of 140 and u.
28
Let j(m) = -12*m**2 + 10*m + 30. Let y be j(-3). Let o = 126 + y. Suppose 5*d = -7 + 232. What is the highest common divisor of o and d?
9
Let h(v) = -44*v**3 - 2*v**2 - 50*v - 51. Let r be h(-1). What is the greatest common divisor of r and 15293?
41
Suppose 14 = 2*y + 3*x, 4*y + 2*x + 6 = 18. Suppose 0 = -0*j - j + y. Suppose 4 = b + j. Calculate the greatest common divisor of b and 33.
3
Let l(k) = 36*k - 139. Let r be l(14). What is the highest common factor of 45 and r?
5
Let a = 521 - 249. Suppose 0 = s + 5*i - 179, 52*s = 55*s + i - 607. Calculate the greatest common divisor of a and s.
68
Suppose -100*s - 107*s = -63*s - 576000. Calculate the highest common factor of s and 960.
160
Let i = 63 - 176. Let c = -83 - i. Calculate the greatest common factor of c and 120.
30
Let p = 162 - 137. Let r be (-75)/p - (2 - (22 + -2)). Calculate the greatest common divisor of r and 85.
5
Suppose 0*g = 2*g - 976. Let l be (g/20 - 6)*20. What is the highest common divisor of l and 46?
46
Let z be (-3)/(-2) - ((-80910)/20 - -12). Calculate the highest common divisor of z and 15.
15
Let q = 326 - 301. Suppose 2*u - q = 39. Calculate the highest common factor of u and 160.
32
Let u(i) = 13*i - 18. Suppose 16 = 5*a + 1. Suppose -28 = -3*f - a*p + 2, -3*f = -p - 14. Let t be u(f). Calculate the highest common divisor of 90 and t.
30
Let b = -36330 + 51373. What is the highest common factor of 49 and b?
49
Suppose -6*p = -p - 25. Let n(s) be the first derivative of 5*s**2 - 85*s - 67. Let y be n(9). What is the highest common factor of p and y?
5
Let u = 11 - 11. Suppose -4*b + 103 - 75 = u. What is the greatest common divisor of b and 238?
7
Suppose 510 = -34*r - 17*r. Let d(x) = x**3 + 14*x**2 + 13*x - 9. Let o be d(r). Calculate the highest common divisor of 9 and o.
9
Let r be (16067340/2415)/((-9)/(-84)). Calculate the highest common factor of 16 and r.
16
Let l(j) = 3*j - 38. Let d be l(12). Let v be (15/(-10))/(d + 225/114). Suppose -v - 63 = -5*c. Calculate the greatest common factor of 72 and c.
24
Suppose 14869 = -14*m + 3865. Let c = 795 + m. Calculate the greatest common divisor of 7 and c.
1
Let v(b) = -b**3 - 13*b**2 - 23*b - 108. Let r be v(-12). Suppose 310 = r*k - 19*k. Let o be (0 + 1)/(3/93). What is the highest common divisor of k and o?
31
Suppose 13*o = 5*o + 920. Suppose -o - 20 = -9*j. Calculate the greatest common factor of 255 and j.
15
Let c be 8 + (0 + (-2 - -53) - 5). Calculate the highest common factor of 6156 and c.
54
Suppose 0 = 3*a + 6, -3*u - 651*a + 119 = -652*a. Calculate the greatest common factor of 5291 and u.
13
Let g = -206 - -294. Suppose 70*l - 392 = 63*l. What is the highest common factor of g and l?
8
Suppose 0 = c - t + 5, 3*t - 6*t = -12. Let y be c/(-9) - 27642/(-54). Suppose -6*b + 2*b + y = 0. What is the highest common divisor of b and 16?
16
Let i be 4 - (2 - 1/(-4)*0). Suppose n = 6*n - 5, -107 = -5*f - i*n. Calculate the greatest common divisor of f and 357.
21
Let d = -378 + 378. Suppose 3*m - 2*o - 58 = d, -m - 3*o + 1 = -0. What is the greatest common factor of 184 and m?
8
Let d = 52181 - -4979. What is the greatest common factor of d and 40?
40
Suppose 39*m - 901*m = -4310. Let j = -5 + 32. Suppose 2*k - j = -3*u + 35, 4*u = -2*k + 66. Calculate the greatest common factor of m and k.
5
Let l(w) = -w**3 - 4*w**2 + 41*w + 242. Let q be l(-26). What is the highest common divisor of 32 and q?
32
Suppose 275*n - 25068 = 35432. Calculate the greatest common factor of n and 15510.
110
Suppose -6 = -3*o - 0. Let m(y) = -y**2 - 17*y + 170. Let g be m(-23). Calculate the greatest common factor of g and o.
2
Suppose 27247 = 314*a - 103377. Calculate the greatest common factor of 184 and a.
8
Let r = -1715 - -1725. Calculate the greatest common divisor of 615 and r.
5
Let k be 32 + ((-2)/4)/((-1)/(-4)). Let x(j) = -5*j + 64. Let h be x(8). What is the greatest common divisor of h and k?
6
Let h(m) = 2*m**3 - 17*m**2 + 9*m - 181. Let i be h(10). What is the greatest common factor of 95 and i?
19
Suppose 0*x = -55*x + 2420. What is the highest common factor of 3564 and x?
44
Let o be (-7)/(7/(-9)) - 0. Suppose 4*r = o*r + 1335. Let u = r + 477. Calculate the greatest common divisor of u and 84.
42
Suppose -143*x + 1837 - 693 = 0. What is the greatest common factor of x and 54?
2
Let l be 570/(-70) + 8 - 2/(-14). Suppos